

{"id":611,"date":"2022-05-03T14:07:58","date_gmt":"2022-05-03T14:07:58","guid":{"rendered":"http:\/\/evbo.org\/?page_id=611"},"modified":"2024-02-22T09:14:28","modified_gmt":"2024-02-22T09:14:28","slug":"spotlight-on-dr-minna-kaikkonen-maatta","status":"publish","type":"page","link":"https:\/\/evbo.org\/index.php\/spotlight-on-dr-minna-kaikkonen-maatta\/","title":{"rendered":"Dr. Minna Kaikkonen-M\u00e4\u00e4tt\u00e4"},"content":{"rendered":"<div class=\"wp-block-image\">\n<figure class=\"alignright\"><img decoding=\"async\" src=\"https:\/\/evboweb.files.wordpress.com\/2020\/02\/minna.jpg?w=368&amp;h=319\" alt=\"minna\" class=\"wp-image-2995\"\/><\/figure>\n<\/div>\n\n\n<p><strong>Dr Minna Kaikkonen-M\u00e4\u00e4tt\u00e4<\/strong><br><strong>Associate Professor in Cardiovascular Genomics<\/strong><br><strong>A.I.Virtanen Institute for Molecular Sciences<\/strong><br><strong>University of Eastern Finland<\/strong><br><strong>Finland<\/strong><\/p>\n\n\n\n<p><strong><a href=\"https:\/\/www.uef.fi\/en\/web\/aivi\/group-leader-minna-kaikkonen-maatta\" target=\"_blank\" rel=\"noreferrer noopener\">Website<\/a>&nbsp;<\/strong><\/p>\n\n\n\n<p>Associate Prof. Kaikkonen obtained her PhD in 2008 from the University of Kuopio (Professor Yl\u00e4-Herttuala\u2019s lab), Finland where she developed surface modified viral vectors for targeted gene therapy applications. For her postdoc, she moved to the University of San Diego (Prof. Christopher Glass lab) to study the role of enhancer elements in the orchestrating the inflammatory response in macrophages. She played a central role in the ground-breaking studies which showed for the first time a functional role for enhancer RNA transcription and demonstrated how natural genetic variation affects enhancer function genome-wide.<\/p>\n\n\n\n<p>In 2015, she started her own lab at the University of Eastern Finland. The research group is focused on developing and applying high-throughput genomics tools to gain insight into cell type specific gene regulatory mechanisms contributing to complex diseases such as coronary artery disease (CAD). To this end, a wide-array of next-generation sequencing methods (scRNA-Seq, snATAC-Seq, GRO-Seq, TRAP-Seq, RNA-Seq, ChIP-Seq and HiC) are employed in cellular and mouse models of disease.<\/p>\n\n\n<div class=\"wp-block-image\">\n<figure class=\"aligncenter size-full\"><img fetchpriority=\"high\" decoding=\"async\" width=\"700\" height=\"501\" src=\"http:\/\/evbo.org\/wp-content\/uploads\/2022\/05\/minna-lab.webp\" alt=\"\" class=\"wp-image-612\" srcset=\"https:\/\/evbo.org\/wp-content\/uploads\/2022\/05\/minna-lab.webp 700w, https:\/\/evbo.org\/wp-content\/uploads\/2022\/05\/minna-lab-300x215.webp 300w\" sizes=\"(max-width: 700px) 100vw, 700px\" \/><\/figure>\n<\/div>\n\n\n<p>Recently, she was awarded the European Research Council Starting Grant for a project that aims to identify and characterize the role of non-coding regulatory variants across CAD relevant cell types to provide a mechanistic interpretation of the genetic basis of the disease. In the future, she hopes that her research could provide steps towards taking the growing array of GWAS discoveries for translatable results in the field of cardiovascular research. Her research has been supported by several prestigious national and international funding bodies such as Fondation Leducq, Academy of Finland, ASLA Fulbright and Finnish Foundation for Cardiovascular Research and Sigrid Juselius Foundation.<\/p>\n\n\n\n<p><strong>Useful links:<\/strong><\/p>\n\n\n\n<p><a href=\"https:\/\/www.aka.fi\/en\/about-us\/media\/whats-new\/2013\/Enhancer-RNAs-may-open-new-avenues-for-gene-therapy\/\">https:\/\/www.aka.fi\/en\/about-us\/media\/whats-new\/2013\/Enhancer-RNAs-may-open-new-avenues-for-gene-therapy\/<\/a><\/p>\n\n\n\n<p><a href=\"https:\/\/www.uef.fi\/en\/-\/erc-starting-grant-kahdelle-ita-suomen-yliopiston-tutkijalle\">https:\/\/www.uef.fi\/en\/-\/erc-starting-grant-kahdelle-ita-suomen-yliopiston-tutkijalle<\/a><\/p>\n\n\n\n<h2 class=\"wp-block-heading\">How to apply<\/h2>\n\n\n\n<p>Applications are welcome from junior and senior principal investigators: fellows, lecturers and professors. Completed \u2018<a href=\"https:\/\/evboweb.files.wordpress.com\/2019\/12\/spotlight-on-evbo-member-application-form.docx\" target=\"_blank\" rel=\"noreferrer noopener\">Spotlight on EVBO member application forms\u2019<\/a>&nbsp;should be returned to Dr. Fiona Wilkinson (<a href=\"mailto:F.Wilkinson@mmu.ac.uk\" target=\"_blank\" rel=\"noreferrer noopener\">F.Wilkinson@mmu.ac.uk<\/a>) and Prof. Jaap van Buul (<a href=\"mailto:j.vanbuul@sanquin.nl\" target=\"_blank\" rel=\"noreferrer noopener\">j.vanbuul@sanquin.nl<\/a>).<\/p>\n","protected":false},"excerpt":{"rendered":"<p>Dr Minna Kaikkonen-M\u00e4\u00e4tt\u00e4Associate Professor in Cardiovascular GenomicsA.I.Virtanen Institute for Molecular SciencesUniversity of Eastern FinlandFinland<\/p>\n","protected":false},"author":1,"featured_media":0,"parent":0,"menu_order":0,"comment_status":"closed","ping_status":"closed","template":"","meta":{"give_campaign_id":0,"om_disable_all_campaigns":false,"pmpro_default_level":"","_monsterinsights_skip_tracking":false,"_monsterinsights_sitenote_active":false,"_monsterinsights_sitenote_note":"","_monsterinsights_sitenote_category":0,"_uf_show_specific_survey":0,"_uf_disable_surveys":false,"_price":"","_stock":"","_tribe_ticket_header":"","_tribe_default_ticket_provider":"","_tribe_ticket_capacity":"0","_ticket_start_date":"","_ticket_end_date":"","_tribe_ticket_show_description":"","_tribe_ticket_show_not_going":false,"_tribe_ticket_use_global_stock":"","_tribe_ticket_global_stock_level":"","_global_stock_mode":"","_global_stock_cap":"","_tribe_rsvp_for_event":"","_tribe_ticket_going_count":"","_tribe_ticket_not_going_count":"","_tribe_tickets_list":"[]","_tribe_ticket_has_attendee_info_fields":false,"footnotes":"","_tec_slr_enabled":"","_tec_slr_layout":""},"class_list":["post-611","page","type-page","status-publish","hentry","pmpro-has-access"],"aioseo_notices":[],"campaignId":"","ticketed":false,"_links":{"self":[{"href":"https:\/\/evbo.org\/index.php\/wp-json\/wp\/v2\/pages\/611","targetHints":{"allow":["GET"]}}],"collection":[{"href":"https:\/\/evbo.org\/index.php\/wp-json\/wp\/v2\/pages"}],"about":[{"href":"https:\/\/evbo.org\/index.php\/wp-json\/wp\/v2\/types\/page"}],"author":[{"embeddable":true,"href":"https:\/\/evbo.org\/index.php\/wp-json\/wp\/v2\/users\/1"}],"replies":[{"embeddable":true,"href":"https:\/\/evbo.org\/index.php\/wp-json\/wp\/v2\/comments?post=611"}],"version-history":[{"count":3,"href":"https:\/\/evbo.org\/index.php\/wp-json\/wp\/v2\/pages\/611\/revisions"}],"predecessor-version":[{"id":2005,"href":"https:\/\/evbo.org\/index.php\/wp-json\/wp\/v2\/pages\/611\/revisions\/2005"}],"wp:attachment":[{"href":"https:\/\/evbo.org\/index.php\/wp-json\/wp\/v2\/media?parent=611"}],"curies":[{"name":"wp","href":"https:\/\/api.w.org\/{rel}","templated":true}]}}